1
What is the remainder when 1764 is divided by 331?
109
Calculate the remainder when 21026 is divided by 17.
14
What is the remainder when 132872 is divided by 2554?
64
Calculate the remainder when 78982 is divided by 354.
40
What is the remainder when 69752 is divided by 253?
177
What is the remainder when 15925 is divided by 7959?
7
What is the remainder when 6466 is divided by 22?
20
What is the remainder when 16684 is divided by 5428?
400
What is the remainder when 2514 is divided by 77?
50
Calculate the remainder when 11647 is divided by 71.
3
What is the remainder when 2432989 is divided by 32?
29
What is the remainder when 4171677 is divided by 120?
117
What is the remainder when 81627 is divided by 3708?
51
What is the remainder when 4848 is divided by 1046?
664
Calculate the remainder when 17722 is divided by 84.
82
What is the remainder when 1266 is divided by 52?
18
Calculate the remainder when 5727 is divided by 1660.
747
Calculate the remainder when 29451 is divided by 31.
1
What is the remainder when 13109 is divided by 4358?
35
What is the remainder when 29652 is divided by 449?
18
What is the remainder when 6696 is divided by 7?
4
Calculate the remainder when 140084 is divided by 49.
42
What is the remainder when 68299 is divided by 22763?
10
Calculate the remainder when 36565 is divided by 2272.
213
Calculate the remainder when 42678 is divided by 91.
90
What is the remainder when 7006 is divided by 705?
661
What is the remainder when 5765 is divided by 641?
637
Calculate the remainder when 121851 is divided by 648.
27
What is the remainder when 36278 is divided by 511?
508
Calculate the remainder when 647856 is divided by 323926.
4
Calculate the remainder when 4962 is divided by 216.
210
Calculate the remainder when 2363 is divided by 669.
356
What is the remainder when 129240 is divided by 174?
132
What is the remainder when 11209 is divided by 55?
44
What is the remainder when 353737 is divided by 38?
33
Calculate the remainder when 50207 is divided by 7170.
17
Calculate the remainder when 32196 is divided by 750.
696
Calculate the remainder when 378747 is divided by 15.
12
Calculate the remainder when 4409 is divided by 604.
181
Calculate the remainder when 5176 is divided by 1713.
37
What is the remainder when 1406 is divided by 223?
68
Calculate the remainder when 7519 is divided by 2461.
136
Calculate the remainder when 2482 is divided by 22.
18
Calculate the remainder when 4836 is divided by 386.
204
What is the remainder when 8452 is divided by 110?
92
Calculate the remainder when 2195 is divided by 561.
512
Calculate the remainder when 34323 is divided by 279.
6
What is the remainder when 1550300 is divided by 10?
0
What is the remainder when 25943 is divided by 151?
122
What is the remainder when 34743 is divided by 145?
88
Calculate the remainder when 188499 is divided by 353.
350
What is the remainder when 4038 is divided by 697?
553
What is the remainder when 31983 is divided by 15715?
553
What is the remainder when 22298 is divided by 169?
159
Calculate the remainder when 21614 is divided by 21542.
72
Calculate the remainder when 73062 is divided by 2706.
0
What is the remainder when 22217 is divided by 21?
20
What is the remainder when 22578 is divided by 411?
384
Calculate the remainder when 146554 is divided by 347.
120
What is the remainder when 1636 is divided by 17?
4
Calculate the remainder when 230473 is divided by 88.
1
What is the remainder when 90073 is divided by 45011?
51
Calculate the remainder when 67360 is divided by 41.
38
Calculate the remainder when 58003 is divided by 93.
64
Calculate the remainder when 2848 is divided by 2.
0
What is the remainder when 515662 is divided by 149?
122
Calculate the remainder when 7786 is divided by 458.
0
Calculate the remainder when 224810 is divided by 259.
257
Calculate the remainder when 3915 is divided by 3909.
6
Calculate the remainder when 4024 is divided by 71.
48
What is the remainder when 69929 is divided by 222?
221
What is the remainder when 141513 is divided by 536?
9
What is the remainder when 60902 is divided by 216?
206
Calculate the remainder when 38788 is divided by 33.
13
Calculate the remainder when 28310 is divided by 28266.
44
Calculate the remainder when 17811 is divided by 35.
31
Calculate the remainder when 1456110 is divided by 59.
49
What is the remainder when 68591 is divided by 13712?
31
Calculate the remainder when 100203 is divided by 29.
8
Calculate the remainder when 137458 is divided by 12.
10
What is the remainder when 152201 is divided by 695?
691
Calculate the remainder when 90953 is divided by 163.
162
Calculate the remainder when 6075 is divided by 403.
30
Calculate the remainder when 4007 is divided by 420.
227
Calculate the remainder when 39570 is divided by 2077.
107
Calculate the remainder when 54272 is divided by 380.
312
What is the remainder when 532833 is divided by 52?
41
Calculate the remainder when 56967 is divided by 285.
252
What is the remainder when 2760 is divided by 534?
90
What is the remainder when 11340 is divided by 21?
0
What is the remainder when 15805 is divided by 983?
77
Calculate the remainder when 70616 is divided by 134.
132
What is the remainder when 110395 is divided by 191?
188
Calculate the remainder when 82 is divided by 56.
26
Calculate the remainder when 1078683 is divided by 416.
411
What is the remainder when 29038 is divided by 618?
610
Calculate the remainder when 1375 is divided by 1350.
25
Calculate the remainder when 24052 is divided by 11549.
954
Calculate the remainder when 887 is divided by 857.
30
Calculate the remainder when 50340 is divided by 41.
33
What is the remainder when 14739 is divided by 24?
3
What is the remainder when 41055 is divided by 144?
15
Calculate the remainder when 30982 is divided by 98.
14
Calculate the remainder when 36134 is divided by 75.
59
Calculate the remainder when 46027 is divided by 46022.
5
What is the remainder when 550 is divided by 543?
7
Calculate the remainder when 42359 is divided by 151.
79
Calculate the remainder when 179811 is divided by 13.
8
What is the remainder when 43224 is divided by 4?
0
What is the remainder when 4276 is divided by 2991?
1285
What is the remainder when 6208 is divided by 1952?
352
What is the remainder when 3328599 is divided by 187?
186
What is the remainder when 165501 is divided by 8?
5
Calculate the remainder when 16267 is divided by 1015.
27
What is the remainder when 10343 is divided by 3397?
152
Calculate the remainder when 1408 is divided by 1355.
53
Calculate the remainder when 5052 is divided by 2524.
4
Calculate the remainder when 20117 is divided by 21.
20
What is the remainder when 3706 is divided by 332?
54
What is the remainder when 5482 is divided by 219?
7
What is the remainder when 449751 is divided by 149913?
12
What is the remainder when 379 is divided by 145?
89
What is the remainder when 5578 is divided by 679?
146
What is the remainder when 1957193 is divided by 1987?
1985
Calculate the remainder when 16194 is divided by 202.
34
What is the remainder when 1448847 is divided by 1091?
1090
What is the remainder when 84 is divided by 71?
13
What is the remainder when 1533509 is divided by 15?
14
Calculate the remainder when 260262 is divided by 1098.
36
What is the remainder when 18987 is divided by 4737?
39
What is the remainder when 11517 is divided by 250?
17
What is the remainder when 51094 is divided by 84?
22
What is the remainder when 44671 is divided by 331?
317
What is the remainder when 61440 is divided by 37?
20
What is the remainder when 43194 is divided by 148?
126
Calculate the remainder when 3812382 is divided by 2181.
2175
What is the remainder when 331 is divided by 305?
26
Calculate the remainder when 339659 is divided by 333.
332
Calculate the remainder when 105265 is divided by 13158.
1
Calculate the remainder when 5797 is divided by 484.
473
What is the remainder when 332326 is divided by 244?
242
Calculate the remainder when 11686 is divided by 8.
6
What is the remainder when 69366 is divided by 977?
976
What is the remainder when 60268 is divided by 123?
121
Calculate the remainder when 350428 is divided by 5.
3
Calculate the remainder when 9258 is divided by 9